y(k) = k**3 + 16*k**2 + 16*k + 19. Let q be y(-15). Calculate the remainder when 25 is divided by v(q).
11
Let c = 376 + -335. Calculate the remainder when c is divided by 5.
1
Let q(r) = -r**3 + 18*r**2 + 38*r + 50. Calculate the remainder when 18 is divided by q(20).
8
Let d(g) = 2*g + 18. Let o be d(-17). What is the remainder when 80 is divided by (-194)/o + (-1)/8?
8
Suppose 60 = 124*k - 122*k. Calculate the remainder when 118 is divided by k.
28
Let j = -10 - -33. Let p(h) = h**3 - 12*h**2 + 27*h. Let a be p(9). Suppose -2*n + 17*n - 645 = a. What is the remainder when n is divided by j?
20
Suppose 5*f + 2*r = 140 + 203, -5*r - 5 = 0. What is the remainder when f is divided by 18?
15
What is the remainder when 1910/(60/6) + (2 - 0) is divided by 40?
33
Let h be 3/(31/(-14) + 2). Let b = -7 - h. What is the remainder when 105/126 - (-122)/12 is divided by b?
4
Let q(u) = 7*u**3 - 6*u**2 - 2*u + 10. What is the remainder when 106 is divided by q(2)?
30
Let x = -26 + 27. Suppose -w + 14 = -x. Calculate the remainder when w is divided by 6.
3
Let l be (-2)/3 + (-14)/(-3). Let y(p) be the first derivative of p**4/4 - p**3 - 3*p**2/2 - 2*p - 5. What is the remainder when 5 is divided by y(l)?
1
Suppose 5*v + 24 + 16 = 0. Let w(a) = 1. Let g(q) = q**2 + 8*q. Let i(l) = g(l) + 4*w(l). What is the remainder when 11 is divided by i(v)?
3
Suppose 4*s + 0*s - 28 = 0. Suppose -s = -3*u - 1. Calculate the remainder when 5 is divided by u.
1
Let t(a) = 6*a**2 + 6*a - 8. What is the remainder when 180 is divided by t(2)?
12
Let u(x) = 14*x**2 + 5*x - 4. Suppose 4*f = 0, 0 = -5*g - 7*f + 2*f + 5. What is the remainder when 43 is divided by u(g)?
13
Suppose -3*a - 3*u + 91 = -71, -u = 3*a - 168. Let r = 61 - a. Calculate the remainder when 7 is divided by r.
3
Let n = -289 + 294. Calculate the remainder when 20 is divided by n.
0
Let j = 280 - 248. Let r = -3 - -9. What is the remainder when r/((-3)/((-279)/6)) is divided by j?
29
Let l = 4 + -8. Let h be ((-16)/l)/(2/(-6)). Calculate the remainder when (126/h)/((-3)/8) is divided by 10.
8
Suppose -3*b = 2*b - s - 15, -9 = -3*b - 5*s. Let w(p) = 3*p**2 - 6*p - 1. Suppose 0*y + 150 = 5*y. What is the remainder when y is divided by w(b)?
6
Suppose 0*c + 5*c - 35 = 0. Suppose -c*a - 24 = -9*a. Let t = 17 - -6. Calculate the remainder when t is divided by a.
11
Let z = -150 - -167. What is the remainder when z is divided by 13?
4
Suppose -i - 8*f = -3*f - 29, -5*i = 5*f - 45. Suppose -i = -a + 3*a. Calculate the remainder when 7 is divided by ((-6)/18)/(a/12).
1
Let i(x) = 2*x + 11. Suppose -33*d = -37*d - 20. Calculate the remainder when 4/(-20) + (-301)/d is divided by i(5).
18
Let b be (-3)/6*-10 + -3. Let a(x) = 2*x**2 + 15 - x**b + 11*x + x**2 - x. Calculate the remainder when a(-6) is divided by 10.
7
Let v = 7 + -4. Suppose 62 = 2*g - a, 0 = g + v*a - 5*a - 34. Suppose 1 - g = -s. Calculate the remainder when s is divided by 8.
5
Let x(d) = 2*d**2 + 4*d - 2. Let w be x(1). Suppose -44 - w = -f. Calculate the remainder when f is divided by 10.
8
Suppose 5*j = f + 11, 4*f - 10 = 4*j + 10. Suppose 2*r + 14 = 3*u - 1, -f = -3*r. Calculate the remainder when 40 is divided by u.
5
What is the remainder when (-19)/95 + 1042/10 is divided by 27?
23
Suppose 0 = -4*b - v - 2 + 45, -4*b + v + 53 = 0. Suppose -4*o = o - 215. Calculate the remainder when o is divided by b.
7
Let y = 81 - 37. Suppose 6*r + 13 = -16*r + 189. What is the remainder when y is divided by r?
4
Let k = 10 - 7. Suppose -k*v = -7*v + 4*a - 4, 0 = -3*v - 3*a + 15. What is the remainder when (-16)/20*(-5)/2 is divided by v?
0
Let r = -507 + 522. What is the remainder when 233 is divided by r?
8
Let r(y) = -y**3 + 5. Let u be r(0). Let o(a) = -6*a + 2*a + 1 + u*a. What is the remainder when 23 is divided by o(7)?
7
Let d(u) = -u**2. Let z be d(0). Let g = z - -7. Calculate the remainder when (-2)/8 - (-1431)/108 is divided by g.
6
Let m be (38/4*-2)/((-5)/(-415)). Calculate the remainder when 41 is divided by (-2)/(-12) + m/(-114).
13
Suppose -15*l = 807 - 987. Let a = 116 - 60. What is the remainder when a is divided by l?
8
Suppose 298*h - 292*h = 342. What is the remainder when h is divided by 32?
25
Let r be 6/(-21) + -3 + (-38)/14. What is the remainder when 31 is divided by 726/154 - (r/7)/3?
1
Suppose 4*d = 5*y + 98, y - 76 = -3*d + 6*y. Suppose -5*p - d = -197. Suppose -5*g + 42 = -53. What is the remainder when p is divided by g?
16
Suppose q - 112 = -3*q. Let l(d) = -d**3 + 5*d**2 - 4. Let y be l(4). Let b = y + -4. What is the remainder when q is divided by b?
4
Suppose -2*b - 8*c + 124 = -3*c, 5*b = 3*c + 310. Suppose 6*f - 20 - 34 = 0. What is the remainder when b is divided by f?
8
Let z(o) = o**2 + 4*o - 2. Let b be z(-6). Let i(d) = -d**3 + 9*d**2 + 12*d. Calculate the remainder when 77 is divided by i(b).
17
Suppose 0 = -3*m + 43 + 2. Let t = m - 13. Suppose 3*i + t*i = -25, i + 25 = 4*v. Calculate the remainder when 17 is divided by v.
2
Suppose 4*r + 16*x - 40 = 20*x, -3*r = -5*x - 24. Calculate the remainder when 688 is divided by r.
12
Suppose 72*h - 81*h = -225. Calculate the remainder when 148 is divided by h.
23
Let y = -255 - -276. Calculate the remainder when y is divided by 11.
10
Let i(o) = 68*o**3. Let j(s) = -s**3 + s**2 + 2*s + 1. Let y be j(2). Let c be i(y). Let h = -47 + c. What is the remainder when h is divided by 6?
3
Let b = 1498 - 1450. What is the remainder when 574 is divided by b?
46
What is the remainder when 215/5 + (2 - -1) is divided by ((-6)/(-9))/((-1)/(-18))?
10
Suppose 41*l + 48 = 44*l - k, -3*l + 48 = 4*k. Calculate the remainder when 158 is divided by l.
14
Let i(k) = k**3 - 4*k**2 + 2*k - 7. Let t be i(4). Let f(c) = 11*c**3 + c**2 - c. What is the remainder when 21 is divided by f(t)?
10
Suppose -3*w + 9 = -2*t, 5*t + 3 - 6 = -w. Suppose -2*l + 4*o = 10, -l - o - 38 = w*l. Let z = l - -20. Calculate the remainder when 30 is divided by z.
8
Let h(v) = -2*v**3 - 4*v**2 + 4*v - 1. Calculate the remainder when h(-4) is divided by 10.
7
What is the remainder when 184 is divided by 3408/90 + -7 + 12/90?
29
Let b = 30 - 24. Suppose 0 = -7*w + w + 174. What is the remainder when w is divided by b?
5
Let u(p) = p**3 + 6*p**2 - 15*p - 9. Let i be u(-10). Let d = -184 - i. Suppose 60 = 5*z - d. What is the remainder when 105 is divided by z?
24
What is the remainder when (0/(-4) - -1)*305 is divided by 95?
20
Suppose 27*h = 33*h - 306. What is the remainder when h is divided by 26?
25
Let k(x) = -8*x - 1. Let p be k(-17). Suppose 3*g = -2*g - p. Calculate the remainder when 10 is divided by (1/(-1))/(9/g).
1
Let g = -367 - -379. Let m(u) = -35*u**3 - u + 1. Let n be m(1). Let b = n - -68. Calculate the remainder when b is divided by g.
9
Let a = -98 - -137. Suppose a = -t + 108. What is the remainder when t is divided by 24?
21
What is the remainder when 41 is divided by 8/16 - (-25)/2?
2
Let c = 275 + -263. Calculate the remainder when 141 is divided by c.
9
Suppose -4*v - 2*k + 120 = 0, -5*v + 139 = -k - 11. Suppose 0 = -7*u + 4*u + 24. Calculate the remainder when v is divided by u.
6
Calculate the remainder when -107*3/(-2 + (-68)/(-36)) is divided by 17.
16
Let y be ((-3)/(-6))/((-2)/76). Let x be 170/4 - (-1)/2. Let w = x + y. Calculate the remainder when 95 is divided by w.
23
Let l = 554 + -524. What is the remainder when 81 is divided by l?
21
Let x = 1 - -7. Let i(h) = 2*h**3 - 6*h**2 + 7*h + 3. Let s be i(4). Suppose -5*f - s = -8*f. What is the remainder when f is divided by x?
5
Let q = -54 - -54. Suppose 0 = -q*b + 14*b - 154. What is the remainder when 63 is divided by b?
8
Let h = -136 - -226. Let b = -76 + h. Calculate the remainder when 1 - ((-117)/3)/1 is divided by b.
12
Suppose 5*m + 3*w - 11105 = m, -w = -4*m + 11125. Let r be (3/(-12))/((-5)/m). Let b = -98 + r. What is the remainder when b is divided by 22?
19
Suppose 0*v + 10 = 5*v. Suppose -u = -v*m - 40, 0 = -4*u - 5*m + 13 + 82. Suppose 0 = 2*o - o - 11. What is the remainder when u is divided by o?
8
Suppose -34*l + 75 + 95 = 0. Calculate the remainder when 88 is divided by l.
3
Let s = 31 + 27. Let t = 134 - s. What is the remainder when t is divided by 39?
37
Let l(a) = -a**3 - 31*a**2 + 25*a - 187. Calculate the rem